actors of 2871815?
5, 574363
List the prime factors of 49172.
2, 19, 647
List the prime factors of 958283.
47, 20389
List the prime factors of 831475.
5, 79, 421
List the prime factors of 196339.
11, 13, 1373
List the prime factors of 3045084.
2, 3, 7, 36251
What are the prime factors of 2687806?
2, 11, 122173
List the prime factors of 36479.
36479
What are the prime factors of 6510233?
271, 24023
List the prime factors of 428974.
2, 7, 13, 2357
What are the prime factors of 7656285?
3, 5, 7, 13, 71, 79
List the prime factors of 633165.
3, 5, 13, 17, 191
What are the prime factors of 729872?
2, 11, 13, 29
List the prime factors of 122673.
3, 103, 397
List the prime factors of 1975675.
5, 13, 6079
List the prime factors of 299272.
2, 37409
List the prime factors of 35837179.
7, 71, 10301
What are the prime factors of 11448844?
2, 11, 260201
What are the prime factors of 192295?
5, 38459
What are the prime factors of 4688690?
2, 5, 468869
What are the prime factors of 5516685?
3, 5, 43, 2851
What are the prime factors of 161927?
193, 839
What are the prime factors of 1653893?
19, 61, 1427
What are the prime factors of 483054?
2, 3, 11, 13, 563
List the prime factors of 8678091.
3, 37, 2113
List the prime factors of 1236347.
7, 239, 739
List the prime factors of 77849.
77849
List the prime factors of 1449703.
971, 1493
List the prime factors of 3326087.
1249, 2663
What are the prime factors of 398113?
398113
What are the prime factors of 1115729?
929, 1201
What are the prime factors of 93764?
2, 11, 2131
What are the prime factors of 1388619?
3, 154291
What are the prime factors of 248567?
11, 59, 383
List the prime factors of 202045.
5, 17, 2377
List the prime factors of 734152.
2, 163, 563
List the prime factors of 18633643.
7, 2661949
What are the prime factors of 7989350?
2, 5, 159787
List the prime factors of 7216115.
5, 1443223
List the prime factors of 699032.
2, 59, 1481
List the prime factors of 235526.
2, 117763
What are the prime factors of 91315?
5, 7, 2609
List the prime factors of 66631.
23, 2897
What are the prime factors of 6780077?
6780077
List the prime factors of 221055.
3, 5, 14737
List the prime factors of 2742128.
2, 171383
What are the prime factors of 229500?
2, 3, 5, 17
List the prime factors of 499474.
2, 249737
List the prime factors of 1075393.
11, 59, 1657
What are the prime factors of 170774?
2, 103, 829
List the prime factors of 122909.
89, 1381
List the prime factors of 16700555.
5, 43, 173, 449
What are the prime factors of 3760432?
2, 13, 101, 179
What are the prime factors of 594699?
3, 7, 28319
List the prime factors of 3378800.
2, 5, 8447
What are the prime factors of 5430123?
3, 17, 35491
What are the prime factors of 423989?
423989
What are the prime factors of 273704?
2, 34213
List the prime factors of 796018.
2, 31, 37, 347
List the prime factors of 2844875.
5, 11, 2069
List the prime factors of 1763126.
2, 271, 3253
List the prime factors of 1101704.
2, 137713
List the prime factors of 132231.
3, 11, 4007
List the prime factors of 21178308.
2, 3, 23, 76733
What are the prime factors of 7572309?
3, 37, 68219
What are the prime factors of 97530?
2, 3, 5, 3251
List the prime factors of 157509.
3, 11, 37, 43
What are the prime factors of 784388?
2, 11, 17827
What are the prime factors of 19119593?
19119593
List the prime factors of 8928236.
2, 2232059
What are the prime factors of 10270?
2, 5, 13, 79
List the prime factors of 801141.
3, 11, 2207
List the prime factors of 2161974.
2, 3, 409, 881
List the prime factors of 3884870.
2, 5, 11, 35317
What are the prime factors of 256142?
2, 89, 1439
What are the prime factors of 302280?
2, 3, 5, 11, 229
What are the prime factors of 722617?
7, 103231
What are the prime factors of 1367027?
1367027
List the prime factors of 404881.
67, 6043
What are the prime factors of 3212087?
3212087
List the prime factors of 1303466.
2, 651733
List the prime factors of 824583.
3, 274861
List the prime factors of 2348744.
2, 61, 4813
List the prime factors of 2565635.
5, 131, 3917
List the prime factors of 8628642.
2, 3, 11, 43579
What are the prime factors of 705667?
173, 4079
List the prime factors of 14556361.
14556361
What are the prime factors of 206982?
2, 3, 3833
What are the prime factors of 902912?
2, 3527
List the prime factors of 830368.
2, 7, 11, 337
List the prime factors of 3206675.
5, 29, 4423
What are the prime factors of 1036159?
101, 10259
List the prime factors of 647907.
3, 13, 37, 449
What are the prime factors of 55487?
55487
What are the prime factors of 1757751?
3, 585917
What are the prime factors of 5451406?
2, 199, 13697
What are the prime factors of 74396?
2, 7, 2657
What are the prime factors of 307790?
2, 5, 7, 4397
List the prime factors of 81974.
2, 17, 2411
What are the prime factors of 8452856?
2, 47, 22481
What are the prime factors of 1074358?
2, 179, 3001
What are the prime factors of 96895?
5, 19379
List the prime factors of 1143060.
2, 3, 5, 19051
What are the prime factors of 25991653?
25991653
List the prime factors of 483272.
2, 193, 313
What are the prime factors of 18729900?
2, 3, 5, 7, 991
List the prime factors of 174395.
5, 13, 2683
What are the prime factors of 3455144?
2, 7, 11, 71, 79
List the prime factors of 100604.
2, 7, 3593
What are the prime factors of 12619294?
2, 31, 37, 5501
What are the prime factors of 447168?
2, 3, 17, 137
What are the prime factors of 3234898?
2, 163, 9923
What are the prime factors of 109314?
2, 3, 6073
What are the prime factors of 909504?
2, 3, 1579
List the prime factors of 269514.
2, 3, 7, 23, 31
What are the prime factors of 1663007?
67, 24821
What are the prime factors of 410004?
2, 3, 7, 1627
List the prime factors of 3784949.
7, 23, 23509
What are the prime factors of 10349440?
2, 5, 103, 157
List the prime factors of 6409.
13, 17, 29
What are the prime factors of 132901?
347, 383
What are the prime factors of 274178?
2, 137089
List the prime factors of 12824943.
3, 19, 71, 3169
List the prime factors of 14000129.
11, 13, 17, 443
What are the prime factors of 8261787?
3, 41, 67169
List the prime factors of 3471128.
2, 17, 25523
What are the prime factors of 1314065?
5, 269, 977
What are the prime factors of 213333?
3, 17, 47, 89
List the prime factors of 413762.
2, 443, 467
List the prime factors of 503109.
3, 55901
List the prime factors of 1411931.
1411931
What are the prime factors of 238367?
349, 683
What are the prime factors of 395124?
2, 3, 19, 1733
List the prime factors of 6931035.
3, 5, 51341
What are the prime factors of 6637734?
2, 3, 122921
List the prime factors of 248056.
2, 101, 307
List the prime factors of 223986.
2, 3, 7, 5333
What are the prime factors of 293153?
7, 41879
List the prime factors of 45215.
5, 9043
What are the prime factors of 222568?
2, 43, 647
List the prime factors of 575575.
5, 7, 11, 13, 23
What are the prime factors of 366529?
19, 101, 191
What are the prime factors of 691059?
3, 230353
List the prime factors of 5458852.
2, 7, 19, 31, 331
What are the prime factors of 438510?
2, 3, 5, 47, 311
What are the prime factors of 6662124?
2, 3, 7, 26437
What are the prime factors of 366746?
2, 183373
What are the prime factors of 132496?
2, 7, 13
List the prime factors of 277080.
2, 3, 5, 2309
What are the prime factors of 580831?
191, 3041
What are the prime factors of 627994?
2, 313997
List the prime factors of 305600.
2, 5, 191
What are the prime factors of 252913?
252913
What are the prime factors of 1261803?
3, 23, 18287
List the prime factors of 5282491.
5282491
List the prime factors of 727977.
3, 242659
List the prime factors of 929354.
2, 139, 3343
List the prime factors of 21057829.
13, 821, 1973
What are the prime factors of 4994493?
3, 7, 43, 5531
List the prime factors of 524030.
2, 5, 13, 29, 139
What are the prime factors of 1952259?
3, 293, 2221
What are the prime factors of 1441485?
3, 5, 103, 311
What are the prime factors of 320783?
59, 5437
What are the prime factors of 2858033?
61, 46853
List the prime factors of 22190689.
19, 199, 5869
List the prime factors of 1883206.
2, 13, 72431
List the prime factors of 23490721.
167, 140663
What are the prime factors of 10551173?
10551173
What are the prime factors of 10093322?
2, 719, 7019
List